{"id":181,"date":"2016-03-25T10:35:38","date_gmt":"2016-03-25T10:35:38","guid":{"rendered":"http:\/\/vergissmeinnicht-bitterfeld.de\/?page_id=181"},"modified":"2026-03-29T13:03:09","modified_gmt":"2026-03-29T13:03:09","slug":"wichtige-termine","status":"publish","type":"page","link":"https:\/\/vergissmeinnicht-bitterfeld.de\/?page_id=181","title":{"rendered":"Wichtige Termine und Infos"},"content":{"rendered":"\n<p class=\"has-text-align-center\"><\/p>\n\n\n<p style=\"text-align: center;\"><span style=\"color: #ff0000;\"><strong><span style=\"font-family: arial, helvetica, sans-serif; font-size: 16pt;\">Achtung wichtig!<\/span><\/strong><\/span><\/p>\n<p><span style=\"font-family: arial, helvetica, sans-serif;\">Das Trinkwasser musste wieder abgestellt werden, da die Anlage noch Undichtheiten vorweist. Aus diesem Grund werden nochmals alle Vereinsmitglieder aufgefordert zu \u00fcberpr\u00fcfen, ob alle Schieber und Wasserh\u00e4hne geschlossen sind.<\/span><\/p>\n<p><span style=\"font-family: arial, helvetica, sans-serif;\"><span style=\"color: #ff0000;\"><strong>Am Mittwoch, den<\/strong> <strong>01.04.2026, wird nochmals das Trinkwasser angestellt, deshalb kein Wasser am Mittwoch entnehmen, um die Dichtheit feststellen zu k\u00f6nnen.<\/strong><\/span>\u00a0<\/span><\/p>\n<p><span style=\"font-family: arial, helvetica, sans-serif;\">Sollte es dann immer noch Undichtheiten geben, wird es am Osterwochenende kein Trinkwasser geben!\u00a0<\/span><\/p>\n<hr \/>\n<p>&nbsp;<\/p>\n\n<p style=\"text-align: center;\"><span style=\"font-family: arial, helvetica, sans-serif; font-size: 16pt; color: #ff0000;\"><strong><u>Z\u00e4hlerablesung 2026<\/u><\/strong><\/span><\/p>\n<p><span style=\"font-family: arial, helvetica, sans-serif;\">Die Z\u00e4hlerst\u00e4nde Strom und Wasser werden in diesem Jahr durch vom Vorstand besetzte Gruppen am<\/span><\/p>\n<p><span style=\"font-family: arial, helvetica, sans-serif;\">\u00a0\u00a0\u00a0\u00a0\u00a0\u00a0\u00a0 <span style=\"color: #ff0000; font-size: 14pt;\"><strong>Sonnabend, den 28. M\u00e4rz von 10 bis 12 Uhr abgelesen. N\u00e4heres auf der Seite Trinkwasser &#8211; Energienetz.<\/strong><\/span><\/span><\/p>\n<p><span style=\"font-family: arial, helvetica, sans-serif;\">Gleichzeitig werden die Plombierungen mit \u00fcberpr\u00fcft.\u00a0<\/span><span style=\"font-family: arial, helvetica, sans-serif;\">Im Zusammenhang mit der zurzeit laufenden Aktion <\/span><span style=\"font-family: arial, helvetica, sans-serif;\"><strong>\u201eSanierung<\/strong> <strong>Elektro 2026\u201c<\/strong> werden auch die eingebauten Zwischenz\u00e4hler in den 16 Unterverteilungen mit abgelesen.<\/span><\/p>\n<p><span style=\"font-family: arial, helvetica, sans-serif;\">Damit wollen wir uns einen \u00dcberblick \u00fcber eventuell aufgetretene Differenzen zu den jeweils angeschlossenen Lauben verschaffen. Gleichzeitig erhalten wir einen \u00dcberblick von allen Verbrauchern zum Hauptz\u00e4hler.<\/span><\/p>\n<p><span style=\"font-family: arial, helvetica, sans-serif; color: #ff0000; font-size: 14pt;\"><strong>Dies kann uns aber nur gelingen, wenn an diesem Tage wirklich alle<\/strong> <strong>Laubenp\u00e4chter vor Ort sind.<\/strong><\/span><\/p>\n<p><span style=\"font-family: arial, helvetica, sans-serif;\">Sollte jemand nicht anwesend sein k\u00f6nnen, ist \u00fcber Nachbarn der Stand maximal vom Vortage zu hinterlassen oder dieser im Briefkasten am Tor Friedensstra\u00dfe einzuwerfen. <\/span><span style=\"font-family: arial, helvetica, sans-serif;\">Ansonsten wird die gesamte Aktion zur Kontrolle unserer Stromverluste gef\u00e4hrdet und die M\u00fche war umsonst.<\/span><\/p>\n<p><span style=\"font-family: arial, helvetica, sans-serif; color: #ff0000; font-size: 16pt;\"><strong>Aus diesem Grunde werden wir den Verursachern f\u00fcr die anfallende Zusatzarbeit eine Geb\u00fchr von 25 Euro berechnen, da wir erh\u00f6hte Aufwendungen haben, um doch noch unsere Schwachstellen zu erfassen<\/strong>.<\/span><\/p>\n<p><span style=\"font-family: arial, helvetica, sans-serif;\">Dietmar Mengel<\/span><\/p>\n<p><span style=\"font-family: arial, helvetica, sans-serif;\">Vereinsvorsitzender<\/span><\/p>\n<hr \/>\n<p>&nbsp;<\/p>\n\n\n<p><span style=\"color: #000000;\"><strong><span style=\"font-family: 'comic sans ms', sans-serif; font-size: 22pt;\">Auf den untergeordneten Seiten erhaltet Ihr alle Infos!<\/span><\/strong><\/span><\/p>\n\n\n\n<p class=\"has-vivid-red-color has-light-green-cyan-background-color has-text-color has-background has-medium-font-size\">Es gibt wichtige Infos f\u00fcr unsere Trinkwasser Versorgung. Bitte auf der Seite &#8222;Trinkwasser Energienetz&#8220; nach schauen!<\/p>\n\n\n\n<hr class=\"wp-block-separator has-css-opacity\"\/>\n\n\n\n<p><\/p>\n","protected":false},"excerpt":{"rendered":"<p>Achtung wichtig! Das Trinkwasser musste wieder abgestellt werden, da die Anlage noch Undichtheiten vorweist. Aus diesem Grund werden nochmals alle Vereinsmitglieder aufgefordert zu \u00fcberpr\u00fcfen, ob alle Schieber und Wasserh\u00e4hne geschlossen sind. Am Mittwoch, den 01.04.2026, wird nochmals das Trinkwasser angestellt, deshalb kein Wasser am Mittwoch entnehmen, um die Dichtheit feststellen zu k\u00f6nnen.\u00a0 Sollte es dann &hellip; <a href=\"https:\/\/vergissmeinnicht-bitterfeld.de\/?page_id=181\" class=\"more-link\"><span class=\"screen-reader-text\">Wichtige Termine und Infos<\/span> weiterlesen <span class=\"meta-nav\">&rarr;<\/span><\/a><\/p>\n","protected":false},"author":1,"featured_media":0,"parent":0,"menu_order":0,"comment_status":"closed","ping_status":"open","template":"","meta":{"footnotes":""},"_links":{"self":[{"href":"https:\/\/vergissmeinnicht-bitterfeld.de\/index.php?rest_route=\/wp\/v2\/pages\/181"}],"collection":[{"href":"https:\/\/vergissmeinnicht-bitterfeld.de\/index.php?rest_route=\/wp\/v2\/pages"}],"about":[{"href":"https:\/\/vergissmeinnicht-bitterfeld.de\/index.php?rest_route=\/wp\/v2\/types\/page"}],"author":[{"embeddable":true,"href":"https:\/\/vergissmeinnicht-bitterfeld.de\/index.php?rest_route=\/wp\/v2\/users\/1"}],"replies":[{"embeddable":true,"href":"https:\/\/vergissmeinnicht-bitterfeld.de\/index.php?rest_route=%2Fwp%2Fv2%2Fcomments&post=181"}],"version-history":[{"count":61,"href":"https:\/\/vergissmeinnicht-bitterfeld.de\/index.php?rest_route=\/wp\/v2\/pages\/181\/revisions"}],"predecessor-version":[{"id":1942,"href":"https:\/\/vergissmeinnicht-bitterfeld.de\/index.php?rest_route=\/wp\/v2\/pages\/181\/revisions\/1942"}],"wp:attachment":[{"href":"https:\/\/vergissmeinnicht-bitterfeld.de\/index.php?rest_route=%2Fwp%2Fv2%2Fmedia&parent=181"}],"curies":[{"name":"wp","href":"https:\/\/api.w.org\/{rel}","templated":true}]}}