{"id":642,"date":"2020-02-17T15:53:11","date_gmt":"2020-02-17T15:53:11","guid":{"rendered":"http:\/\/vergissmeinnicht-bitterfeld.de\/?page_id=642"},"modified":"2026-02-15T16:38:58","modified_gmt":"2026-02-15T16:38:58","slug":"jahreshauptversammlung","status":"publish","type":"page","link":"https:\/\/vergissmeinnicht-bitterfeld.de\/?page_id=642","title":{"rendered":"Jahreshauptversammlung"},"content":{"rendered":"<p><strong><span style=\"text-decoration: underline; font-size: 14pt; color: #00ff00;\">Informationen \u00fcber die Mitgliederversammlung vom 29.11.2025<\/span><\/strong><\/p>\n<p>Die Mitgliederversammlung war durch die ordnungsgem\u00e4\u00dfe Einladung beschlussf\u00e4hig, und es nahmen 65 Vereinsmitglieder sowie G\u00e4ste daran teil.<\/p>\n<p>Nach den Rechenschaftsberichten des Vorstandes und der Revisionskommission erfolgte der Aufruf zur Diskussion, von der aber aufgrund der sehr detaillierten Ausf\u00fchrungen des Vorstandsvorsitzenden kein Gebrauch gemacht wurde.<\/p>\n<p>Im Rechenschaftsbericht des Vorstandes wurde besonders auf die gro\u00dfe Bedeutung und erfolgreiche Realisierung des Vorhabens &#8222;Sanierung Elektro 2025&#8220; hingewiesen. Dem Realisierungsteam unter Leitung unserer Reparaturgruppe wurde f\u00fcr die erfolgreiche Vorbereitung und Durchf\u00fchrung Dank und Anerkennung ausgesprochen.<\/p>\n<p>Durch mehrere Aush\u00e4nge und auf der Infoveranstaltung am 13. August wurde auf die gro\u00dfe Wichtigkeit dieser Ma\u00dfnahmen hingewiesen.<\/p>\n<p>Die Jahresrechnung 2025\/26 wurde positionsweise detailliert erl\u00e4utert und auf \u00c4nderung bei den einzelnen Positionen mit der entsprechenden Begr\u00fcndung hingewiesen.<\/p>\n<p>Danach wurde dem Vorstand auf Empfehlung der Revisionskommission f\u00fcr das Gesch\u00e4ftsjahr 2024 durch <strong>Beschluss -einstimmig- Entlastung erteilt.<\/strong><\/p>\n<p><span style=\"text-decoration: underline;\"><strong>Weitere Beschl\u00fcsse:<\/strong><\/span><\/p>\n<ol>\n<li>Zur Teilfinanzierung des Vorhabens &#8222;Sanierung Elektro 2025&#8220; wird pro Garten ein Betrag von 50,00 Euro auf der Jahresrechnung erhoben. <strong>Beschluss -einstimmig-<\/strong><\/li>\n<li>Aufgrund der relativ niedrigen Stromverluste 2024\/25, deren m\u00f6gliche Gr\u00fcnde erl\u00e4utert wurden, gibt es auf der Jahresrechnung 2025\/26 keine <strong>extra Umlage.\u00a0 <\/strong>Auch dieser <strong>Beschluss erfolgte -einstimmig-<\/strong><\/li>\n<li>Durch das Ausscheiden des Vereinsfreundes Frank Scheundel aus dem Vorstand wurde die bereits vorher in den Vorstand kooptierte Vereinsfreundin Evelyn <strong>Brade als neues Mitglied im Vorstand best\u00e4tigt -einstimmig-<\/strong><\/li>\n<li>Die Mahngeb\u00fchren bei Zahlungsverzug und nicht termingem\u00e4\u00dfer Meldung von Z\u00e4hlerst\u00e4nden wurden von <strong>10 auf 30 Euro erh\u00f6ht. Beschluss -einstimmig-<\/strong><\/li>\n<li>Die Gemeinschaftsarbeit f\u00fcr das Jahr 2026 betr\u00e4gt 6+2 Stunden. <strong>Beschluss -einstimmig-<\/strong><\/li>\n<\/ol>\n<p>Unser Kinder-, Garten- und Wohngebietsfest ist vom 26. bis 28. Juni 2026 geplant.<\/p>\n<p><strong><span style=\"font-size: 14pt;\"><u>Einladung zur Jahreshauptversammlung 2025<\/u><\/span><\/strong><\/p>\n<p>Unsere Jahreshauptversammlung findet am<\/p>\n<p>\u00a0\u00a0\u00a0\u00a0\u00a0\u00a0\u00a0\u00a0\u00a0\u00a0\u00a0 <span style=\"color: #ff0000;\"><strong><span style=\"text-decoration: underline;\">Sonnabend, den 29. November 2025 um 16:00 Uhr<\/span><\/strong><\/span><\/p>\n<p>im Vereinshaus statt.<\/p>\n<p>Tagesordnung:<\/p>\n<ul>\n<li>Er\u00f6ffnung, Bekanntgabe der Tagesordnung<\/li>\n<li>Bericht des Vereinsvorsitzenden<\/li>\n<li>Bericht der Revisionskommission<\/li>\n<li>Diskussion<\/li>\n<\/ul>\n<p>Beschlussfassung \u00fcber<\/p>\n<ul>\n<li style=\"list-style-type: none;\">\n<ul>\n<li>Teilfinanzierung des Vorhabens \u201eSanierung Elektro 2025\u201c<\/li>\n<li>H\u00f6he der Umlage Stromverluste 2024\/2025<\/li>\n<li>Best\u00e4tigung der Kooption eines Vorstandsmitgliedes<\/li>\n<li>Gemeinschaftsarbeit 2026<\/li>\n<li>Entlastung des Vorstandes f\u00fcr das Jahr 2024<\/li>\n<li>Wahl eines Ersatzmitgliedes f\u00fcr den Vorstand<\/li>\n<\/ul>\n<\/li>\n<\/ul>\n<ul>\n<li>Vorstellung neuer Mitglieder<\/li>\n<li>Erl\u00e4uterungen zur Neufassung der Jahresrechnung und Ausgabe<\/li>\n<li>Schlussbetrachtung<\/li>\n<\/ul>\n<p>Wir erwarten eine rege Teilnahme, besonders der im letzten Jahr neu aufgenommenen Mitglieder.<\/p>\n<p>Dietmar Mengel<\/p>\n<p>Vereinsvorsitzender<\/p>\n<p>&nbsp;<\/p>\n<p>&nbsp;<\/p>\n\n\n<p><\/p>\n\n\n<p style=\"text-align: justify;\">\u00a0<\/p>\n<hr \/>\n\n\n<p><\/p>\n","protected":false},"excerpt":{"rendered":"<p>Informationen \u00fcber die Mitgliederversammlung vom 29.11.2025 Die Mitgliederversammlung war durch die ordnungsgem\u00e4\u00dfe Einladung beschlussf\u00e4hig, und es nahmen 65 Vereinsmitglieder sowie G\u00e4ste daran teil. Nach den Rechenschaftsberichten des Vorstandes und der Revisionskommission erfolgte der Aufruf zur Diskussion, von der aber aufgrund der sehr detaillierten Ausf\u00fchrungen des Vorstandsvorsitzenden kein Gebrauch gemacht wurde. Im Rechenschaftsbericht des Vorstandes wurde &hellip; <a href=\"https:\/\/vergissmeinnicht-bitterfeld.de\/?page_id=642\" class=\"more-link\"><span class=\"screen-reader-text\">Jahreshauptversammlung<\/span> weiterlesen <span class=\"meta-nav\">&rarr;<\/span><\/a><\/p>\n","protected":false},"author":1,"featured_media":0,"parent":0,"menu_order":0,"comment_status":"closed","ping_status":"closed","template":"","meta":{"footnotes":""},"_links":{"self":[{"href":"https:\/\/vergissmeinnicht-bitterfeld.de\/index.php?rest_route=\/wp\/v2\/pages\/642"}],"collection":[{"href":"https:\/\/vergissmeinnicht-bitterfeld.de\/index.php?rest_route=\/wp\/v2\/pages"}],"about":[{"href":"https:\/\/vergissmeinnicht-bitterfeld.de\/index.php?rest_route=\/wp\/v2\/types\/page"}],"author":[{"embeddable":true,"href":"https:\/\/vergissmeinnicht-bitterfeld.de\/index.php?rest_route=\/wp\/v2\/users\/1"}],"replies":[{"embeddable":true,"href":"https:\/\/vergissmeinnicht-bitterfeld.de\/index.php?rest_route=%2Fwp%2Fv2%2Fcomments&post=642"}],"version-history":[{"count":28,"href":"https:\/\/vergissmeinnicht-bitterfeld.de\/index.php?rest_route=\/wp\/v2\/pages\/642\/revisions"}],"predecessor-version":[{"id":1916,"href":"https:\/\/vergissmeinnicht-bitterfeld.de\/index.php?rest_route=\/wp\/v2\/pages\/642\/revisions\/1916"}],"wp:attachment":[{"href":"https:\/\/vergissmeinnicht-bitterfeld.de\/index.php?rest_route=%2Fwp%2Fv2%2Fmedia&parent=642"}],"curies":[{"name":"wp","href":"https:\/\/api.w.org\/{rel}","templated":true}]}}