{"id":650,"date":"2020-02-17T16:00:47","date_gmt":"2020-02-17T16:00:47","guid":{"rendered":"http:\/\/vergissmeinnicht-bitterfeld.de\/?page_id=650"},"modified":"2026-03-10T15:34:38","modified_gmt":"2026-03-10T15:34:38","slug":"gruenschnittentsorgung","status":"publish","type":"page","link":"https:\/\/vergissmeinnicht-bitterfeld.de\/?page_id=650","title":{"rendered":"Gr\u00fcnschnittentsorgung"},"content":{"rendered":"\n<p><\/p>\n\n\n<p>&nbsp;<\/p>\n<p><strong>\u00a0\u00a0\u00a0\u00a0\u00a0\u00a0<span style=\"font-family: arial, helvetica, sans-serif;\"> Freitag, den 17. bis Sonntag, den 19.04 und<\/span><\/strong><\/p>\n<p><span style=\"font-family: arial, helvetica, sans-serif;\"><strong>\u00a0\u00a0\u00a0\u00a0\u00a0\u00a0 Montag, den 20. bis Mittwoch, den 22.04.2026<\/strong><strong>\u00a0<\/strong><\/span><\/p>\n<p><span style=\"font-family: arial, helvetica, sans-serif;\">wird vor dem Vereinshaus ein Gro\u00dfcontainer 40 m\u00b3 aufgestellt.<\/span><\/p>\n<p><span style=\"font-family: arial, helvetica, sans-serif;\"><strong>Beladezeiten: Freitag \u00a0\u00a0\u00a0\u00a0\u00a0\u00a014\u00b0\u00b0 bis 18 Uhr<\/strong><\/span><\/p>\n<p><span style=\"font-family: arial, helvetica, sans-serif;\"><strong>\u00a0\u00a0\u00a0\u00a0\u00a0\u00a0\u00a0\u00a0\u00a0\u00a0\u00a0\u00a0\u00a0\u00a0\u00a0\u00a0\u00a0\u00a0\u00a0\u00a0\u00a0 Sonnabend 9- 12 und 14- 18 Uhr<\/strong><\/span><\/p>\n<p><span style=\"font-family: arial, helvetica, sans-serif;\"><strong>\u00a0\u00a0\u00a0\u00a0\u00a0\u00a0\u00a0\u00a0\u00a0\u00a0\u00a0\u00a0\u00a0\u00a0\u00a0\u00a0\u00a0\u00a0\u00a0\u00a0\u00a0 Sonntag seitlich \u00fcber die Montageb\u00fchne<\/strong><\/span><\/p>\n<p><span style=\"font-family: arial, helvetica, sans-serif;\">Der Container wird am Montag fr\u00fch abgezogen und durch einen Neuen ersetzt. Dieser bleibt dann bis Mittwoch stehen und kann selbst\u00e4ndig bef\u00fcllt werden.<strong>\u00a0\u00a0\u00a0\u00a0\u00a0\u00a0\u00a0\u00a0\u00a0\u00a0\u00a0\u00a0\u00a0\u00a0 \u00a0\u00a0\u00a0\u00a0\u00a0\u00a0\u00a0\u00a0\u00a0\u00a0\u00a0\u00a0\u00a0\u00a0\u00a0\u00a0\u00a0\u00a0\u00a0\u00a0\u00a0\u00a0\u00a0<\/strong><\/span><\/p>\n<ul>\n<li><span style=\"font-family: arial, helvetica, sans-serif;\"><strong>die Beladung ist dann selbst oder nach den Anweisungen des Kontrollpersonals durchzuf\u00fchren<\/strong><\/span><\/li>\n<li><span style=\"font-family: arial, helvetica, sans-serif;\"><strong>das Material ist vorher grob zu zerkleinern, damit m\u00f6glichst viel beladen werden kann, keine Gartenerde<\/strong><\/span><\/li>\n<li><span style=\"font-family: arial, helvetica, sans-serif;\"><strong>es ist von hinten beginnend m\u00f6glichst hochzustapeln<\/strong><\/span><\/li>\n<li><span style=\"font-family: arial, helvetica, sans-serif;\"><strong>es darf nur kompostierbares Material beladen werden, das seitlich nicht \u00fcber den Container herausragen darf<\/strong><\/span><\/li>\n<li><span style=\"font-family: arial, helvetica, sans-serif;\"><strong>entleerte Plastes\u00e4cke oder andere Beh\u00e4ltnisse sind wieder mitzunehmen<\/strong><\/span><\/li>\n<\/ul>\n<p><span style=\"font-family: arial, helvetica, sans-serif;\">Ansonsten gelten die \u00fcblichen Regeln wie bei den bisherigen Aktionen.<\/span><\/p>\n<p>&nbsp;<\/p>\n<p>Dietmar Mengel<\/p>","protected":false},"excerpt":{"rendered":"<p>&nbsp; \u00a0\u00a0\u00a0\u00a0\u00a0\u00a0 Freitag, den 17. bis Sonntag, den 19.04 und \u00a0\u00a0\u00a0\u00a0\u00a0\u00a0 Montag, den 20. bis Mittwoch, den 22.04.2026\u00a0 wird vor dem Vereinshaus ein Gro\u00dfcontainer 40 m\u00b3 aufgestellt. Beladezeiten: Freitag \u00a0\u00a0\u00a0\u00a0\u00a0\u00a014\u00b0\u00b0 bis 18 Uhr \u00a0\u00a0\u00a0\u00a0\u00a0\u00a0\u00a0\u00a0\u00a0\u00a0\u00a0\u00a0\u00a0\u00a0\u00a0\u00a0\u00a0\u00a0\u00a0\u00a0\u00a0 Sonnabend 9- 12 und 14- 18 Uhr \u00a0\u00a0\u00a0\u00a0\u00a0\u00a0\u00a0\u00a0\u00a0\u00a0\u00a0\u00a0\u00a0\u00a0\u00a0\u00a0\u00a0\u00a0\u00a0\u00a0\u00a0 Sonntag seitlich \u00fcber die Montageb\u00fchne Der Container wird am Montag fr\u00fch abgezogen und &hellip; <a href=\"https:\/\/vergissmeinnicht-bitterfeld.de\/?page_id=650\" class=\"more-link\"><span class=\"screen-reader-text\">Gr\u00fcnschnittentsorgung<\/span> weiterlesen <span class=\"meta-nav\">&rarr;<\/span><\/a><\/p>\n","protected":false},"author":1,"featured_media":0,"parent":0,"menu_order":0,"comment_status":"closed","ping_status":"closed","template":"","meta":{"footnotes":""},"_links":{"self":[{"href":"https:\/\/vergissmeinnicht-bitterfeld.de\/index.php?rest_route=\/wp\/v2\/pages\/650"}],"collection":[{"href":"https:\/\/vergissmeinnicht-bitterfeld.de\/index.php?rest_route=\/wp\/v2\/pages"}],"about":[{"href":"https:\/\/vergissmeinnicht-bitterfeld.de\/index.php?rest_route=\/wp\/v2\/types\/page"}],"author":[{"embeddable":true,"href":"https:\/\/vergissmeinnicht-bitterfeld.de\/index.php?rest_route=\/wp\/v2\/users\/1"}],"replies":[{"embeddable":true,"href":"https:\/\/vergissmeinnicht-bitterfeld.de\/index.php?rest_route=%2Fwp%2Fv2%2Fcomments&post=650"}],"version-history":[{"count":26,"href":"https:\/\/vergissmeinnicht-bitterfeld.de\/index.php?rest_route=\/wp\/v2\/pages\/650\/revisions"}],"predecessor-version":[{"id":1939,"href":"https:\/\/vergissmeinnicht-bitterfeld.de\/index.php?rest_route=\/wp\/v2\/pages\/650\/revisions\/1939"}],"wp:attachment":[{"href":"https:\/\/vergissmeinnicht-bitterfeld.de\/index.php?rest_route=%2Fwp%2Fv2%2Fmedia&parent=650"}],"curies":[{"name":"wp","href":"https:\/\/api.w.org\/{rel}","templated":true}]}}

Grünschnittentsorgung

<p></p>


<p>&nbsp;</p>
<p><strong>      <span style="font-family: arial, helvetica, sans-serif;"> Freitag, den 17. bis Sonntag, den 19.04 und</span></strong></p>
<p><span style="font-family: arial, helvetica, sans-serif;"><strong>       Montag, den 20. bis Mittwoch, den 22.04.2026</strong><strong> </strong></span></p>
<p><span style="font-family: arial, helvetica, sans-serif;">wird vor dem Vereinshaus ein Großcontainer 40 m³ aufgestellt.</span></p>
<p><span style="font-family: arial, helvetica, sans-serif;"><strong>Beladezeiten: Freitag       14°° bis 18 Uhr</strong></span></p>
<p><span style="font-family: arial, helvetica, sans-serif;"><strong>                      Sonnabend 9- 12 und 14- 18 Uhr</strong></span></p>
<p><span style="font-family: arial, helvetica, sans-serif;"><strong>                      Sonntag seitlich über die Montagebühne</strong></span></p>
<p><span style="font-family: arial, helvetica, sans-serif;">Der Container wird am Montag früh abgezogen und durch einen Neuen ersetzt. Dieser bleibt dann bis Mittwoch stehen und kann selbständig befüllt werden.<strong>                                      </strong></span></p>
<ul>
<li><span style="font-family: arial, helvetica, sans-serif;"><strong>die Beladung ist dann selbst oder nach den Anweisungen des Kontrollpersonals durchzuführen</strong></span></li>
<li><span style="font-family: arial, helvetica, sans-serif;"><strong>das Material ist vorher grob zu zerkleinern, damit möglichst viel beladen werden kann, keine Gartenerde</strong></span></li>
<li><span style="font-family: arial, helvetica, sans-serif;"><strong>es ist von hinten beginnend möglichst hochzustapeln</strong></span></li>
<li><span style="font-family: arial, helvetica, sans-serif;"><strong>es darf nur kompostierbares Material beladen werden, das seitlich nicht über den Container herausragen darf</strong></span></li>
<li><span style="font-family: arial, helvetica, sans-serif;"><strong>entleerte Plastesäcke oder andere Behältnisse sind wieder mitzunehmen</strong></span></li>
</ul>
<p><span style="font-family: arial, helvetica, sans-serif;">Ansonsten gelten die üblichen Regeln wie bei den bisherigen Aktionen.</span></p>
<p>&nbsp;</p>
<p>Dietmar Mengel</p>

<p>&nbsp;        Freitag, den 17. bis Sonntag, den 19.04 und        Montag, den 20. bis Mittwoch, den 22.04.2026  wird vor dem Vereinshaus ein Großcontainer 40 m³ aufgestellt. Beladezeiten: Freitag       14°° bis 18 Uhr                       Sonnabend 9- 12 und 14- 18 Uhr                       Sonntag seitlich über die Montagebühne Der Container wird am Montag früh abgezogen und &hellip; <a href="https://vergissmeinnicht-bitterfeld.de/?page_id=650" class="more-link"><span class="screen-reader-text">Grünschnittentsorgung</span> weiterlesen <span class="meta-nav">&rarr;</span></a></p>
